 23 a factor of 1251729?
True
Is 1612568 a multiple of 824?
True
Is 2604678 a multiple of 271?
False
Does 6 divide 17250?
True
Is 692580 a multiple of 388?
True
Is 5 a factor of 1696109?
False
Does 7 divide 1949619?
True
Is 482 a factor of 180750?
True
Is 889777 a multiple of 179?
False
Is 254 a factor of 79040?
False
Does 76 divide 996132?
True
Is 146 a factor of 11110917?
False
Is 62291 a multiple of 41?
False
Does 144 divide 373266?
False
Does 842 divide 1013822?
False
Is 104 a factor of 227864?
True
Is 56 a factor of 12432?
True
Does 10 divide 4348488?
False
Does 38 divide 90059?
False
Does 3 divide 63945?
True
Does 70 divide 6353200?
True
Is 651391 a multiple of 5?
False
Does 18 divide 90630?
True
Is 15 a factor of 213987?
False
Is 17563660 a multiple of 10?
True
Is 8 a factor of 1747221?
False
Does 19 divide 2524245?
True
Is 98304 a multiple of 31?
False
Does 222 divide 1623264?
True
Is 50 a factor of 23324?
False
Is 171392 a multiple of 418?
False
Does 5 divide 187985?
True
Is 4120 a multiple of 4?
True
Is 8049092 a multiple of 14?
False
Is 138 a factor of 299046?
True
Does 20 divide 116460?
True
Does 147 divide 8632291?
False
Is 731034 a multiple of 17?
True
Is 12 a factor of 11595235?
False
Is 104580 a multiple of 140?
True
Is 1738725 a multiple of 239?
True
Does 13 divide 579874?
False
Does 627 divide 2068556?
False
Is 131069 a multiple of 53?
True
Is 7 a factor of 1042972?
True
Does 11 divide 5776474?
True
Does 24 divide 224159?
False
Does 6 divide 157593?
False
Does 63 divide 396167?
False
Is 64 a factor of 426741?
False
Is 1480266 a multiple of 635?
False
Is 10438003 a multiple of 248?
False
Is 75340 a multiple of 10?
True
Is 1279877 a multiple of 25?
False
Is 554 a factor of 243760?
True
Does 4 divide 60100?
True
Is 2 a factor of 90889?
False
Is 27 a factor of 58725?
True
Is 121703 a multiple of 16?
False
Is 254 a factor of 170293?
False
Is 131634 a multiple of 131?
False
Is 32 a factor of 6455637?
False
Does 119 divide 1280678?
True
Is 25 a factor of 6246225?
True
Is 17 a factor of 3587?
True
Is 195177 a multiple of 22?
False
Does 6 divide 178817?
False
Is 384561 a multiple of 4?
False
Is 47292 a multiple of 7?
True
Is 18 a factor of 2401218?
True
Does 64 divide 4352?
True
Is 16 a factor of 227549?
False
Is 33 a factor of 1184707?
False
Is 159 a factor of 38955?
True
Is 12435 a multiple of 141?
False
Is 2612169 a multiple of 189?
True
Is 157824 a multiple of 288?
True
Is 312 a factor of 344448?
True
Is 292940 a multiple of 151?
True
Is 1920094 a multiple of 22?
True
Is 23103 a multiple of 3?
True
Does 107 divide 482249?
True
Is 133 a factor of 6280925?
True
Is 711 a factor of 1542196?
False
Is 26 a factor of 7541924?
True
Is 66605 a multiple of 35?
True
Does 146 divide 572174?
True
Does 23 divide 214383?
True
Is 9605740 a multiple of 941?
False
Does 21 divide 955197?
False
Is 35 a factor of 1692425?
True
Is 54748 a multiple of 12?
False
Is 11 a factor of 61027?
False
Does 9 divide 41994?
True
Is 388 a factor of 2506480?
True
Does 8 divide 44886?
False
Is 85 a factor of 2087008?
False
Is 3545635 a multiple of 27?
False
Is 21205990 a multiple of 157?
True
Is 797306 a multiple of 62?
False
Is 659250 a multiple of 375?
True
Is 625 a factor of 2760625?
True
Does 25 divide 6053?
False
Is 172 a factor of 4117668?
False
Is 18 a factor of 27307260?
True
Is 32 a factor of 784896?
True
Is 40 a factor of 146680?
True
Is 191380 a multiple of 13?
False
Is 78943 a multiple of 112?
False
Does 10 divide 13300?
True
Is 34966 a multiple of 20?
False
Does 18 divide 665694?
True
Is 3 a factor of 304172?
False
Does 67 divide 1018045?
False
Is 9 a factor of 11524989?
False
Is 106197 a multiple of 2?
False
Does 64 divide 136384?
True
Does 43 divide 240757?
True
Does 10 divide 10516101?
False
Is 12 a factor of 2847458?
False
Does 45 divide 97108?
False
Is 5 a factor of 19225?
True
Does 29 divide 74472?
True
Is 164400 a multiple of 10?
True
Does 344 divide 1997264?
True
Is 47 a factor of 217719?
False
Does 192 divide 3799960?
False
Does 31 divide 13277?
False
Does 65 divide 165123?
False
Does 103 divide 170450?
False
Is 472200 a multiple of 60?
True
Is 330 a factor of 11080871?
False
Is 262864 a multiple of 56?
True
Is 52 a factor of 28900?
False
Is 58 a factor of 384598?
True
Does 16 divide 21191?
False
Does 24 divide 521880?
True
Does 127 divide 3115874?
False
Is 12 a factor of 225276?
True
Is 458226 a multiple of 9?
True
Does 314 divide 582470?
True
Is 504384 a multiple of 296?
True
Is 18843170 a multiple of 829?
True
Is 92262 a multiple of 7?
False
Is 11 a factor of 40271?
True
Is 2163928 a multiple of 401?
False
Does 172 divide 529720?
False
Is 20635440 a multiple of 9?
False
Does 160 divide 145760?
True
Is 194 a factor of 224652?
True
Is 460712 a multiple of 19?
True
Does 202 divide 124230?
True
Is 384 a factor of 722304?
True
Is 5081615 a multiple of 5?
True
Is 349797 a multiple of 2?
False
Is 47 a factor of 485886?
True
Is 242210 a multiple of 38?
False
Is 7058891 a multiple of 132?
False
Is 152 a factor of 396568?
True
Does 52 divide 5285280?
True
Does 190 divide 1767534?
False
Is 12 a factor of 2440284?
True
Does 189 divide 1327949?
False
Does 325 divide 1000025?
True
Is 3163644 a multiple of 36?
True
Is 48 a factor of 325031?
False
Is 13753333 a multiple of 1553?
False
Is 9395975 a multiple of 7?
False
Is 204048 a multiple of 12?
True
Does 19 divide 27445172?
False
Does 11 divide 148655?
False
Does 52 divide 3110097?
False
Is 1318758 a multiple of 13?
False
Is 15 a factor of 13272737?
False
Is 10 a factor of 177560?
True
Does 5 divide 37479?
False
Is 28221138 a multiple of 207?
True
Is 630176 a multiple of 21?
False
Does 2920 divide 17861640?
True
Does 24 divide 401040?
True
Does 2379 divide 17540367?
True
Is 5 a factor of 11949?
False
Does 5 divide 44682?
False
Is 11335316 a multiple of 241?
False
Is 87 a factor of 1806723?
False
Does 443 divide 3040680?
False
Does 19 divide 152779?
True
Does 255 divide 411900?
False
Does 1479 divide 11005162?
False
Is 16 a factor of 39523?
False
Does 57 divide 1386374?
False
Does 598 divide 34411?
False
Is 16 a factor of 3177197?
False
Is 324180 a multiple of 75?
False
Does 767 divide 4957121?
True
Does 13 divide 20761?
True
Is 15832 a multiple of 8?
True
Is 118 a factor of 45194?
True
Is 8 a factor of 1490256?
True
Does 788 divide 5035320?
True
Is 100 a factor of 43372?
False
Is 60753 a multiple of 27?
False
Is 1104 a factor of 913083?
False
Is 549541 a multiple of 80?
False
Is 229 a factor of 152743?
True
Is 2278502 a multiple of 92?
False
Is 3 a factor of 2244874?
False
Is 3 a factor of 3192801?
True
Is 1393350 a multiple of 175?
True
Is 1239553 a multiple of 9?
False
Is 1639411 a multiple of 229?
True
Is 20 a factor of 1041441?
False
Is 54225 a multiple of 9?
True
Does 3 divide 695847?
True
Is 125 a factor of 458500?
True
Does 451 divide 82984?
True
Does 5 divide 755860?
True
Is 21 a factor of 323820?
True
Does 421 divide 2238878?
True
Is 26 a factor of 3408143?
False
Is 195 a factor of 14703559?
False
Is 2075 a multiple of 25?
True
Is 36 a factor of 1024200?
True
Is 30 a factor of 6487620?
True
Is 9537 a multiple of 4?
False
Is 6448216 a multiple of 93?
False
Is 117502 a multiple of 49?
True
Does 36 divide 5977944?
True
Does 454 divide 399673?
False
Does 69 divide 8690895?
True
Is 6 a factor of 58050?
True
Does 131 divide 15675299?
False
Is 1556150 a multiple of 81?
False
Does 134 divide 92447?
False
Does 5 divide 284208?
False
Is 132 a factor of 304788?
True
Does 59 divide 2062817?
True
Is 178356 a multiple of 89?
True
Is 978804 a multiple of 513?
True
Is 22 a factor of 936254?
True
Is 301066 a multiple of 14?
False
Is 123658 a multiple of 34?
True
Is 305 a factor of 165615?
True
Does 239 divide 57360?
True
Is 232988 a multiple of 106?
True
Does 48 divide 8726?
False
Is 42 a factor of 17304?
True
Does 13 divide 356876?
True
Is 60 a factor of 16735?
False
Is 13389172 a multiple of 458?
True
Is 102 a factor of 678096?
True
Does 7 divide 1555340?
False
Is 301682 a multiple of 37?
False
Is 16 a factor of 888000?
True
Is 40 a factor of 808440?
True
Is 2169939 a multiple of 113?
True
Is 418951 a multiple of 78?
False
Is 49 a factor of 5077184?
True
Is 852469 a multiple of 105?
False
Is 196 a factor of 4